{"id":449,"date":"2026-03-08T21:35:19","date_gmt":"2026-03-08T20:35:19","guid":{"rendered":"https:\/\/paulinka-trading-group.pl\/?post_type=product&#038;p=449"},"modified":"2026-03-08T21:35:20","modified_gmt":"2026-03-08T20:35:20","slug":"vifon-goldenes-huehnchen-instant-nudelsuppe-70g-tan-viet","status":"publish","type":"product","link":"https:\/\/paulinka-trading-group.pl\/?product=vifon-goldenes-huehnchen-instant-nudelsuppe-70g-tan-viet&lang=de","title":{"rendered":"VIFON GOLDENES H\u00dcHNCHEN INSTANT-NUDELSUPPE 70G TAN-VIET"},"content":{"rendered":"","protected":false},"excerpt":{"rendered":"<p>Ein beliebtes, mildes vietnamesisches Instant-Gericht mit orientalischem Aroma. Es besteht aus Weizennudeln (92,8 %) mit Tapioka und Gew\u00fcrzbeuteln (getrocknetes Gem\u00fcse: Lauch, Schalotten, Knoblauch). Ein schneller Snack, der in 3 Minuten nach dem Aufgie\u00dfen mit kochendem Wasser fertig ist, ausgezeichnet mit dem \u201eVerbraucher-Lorbeer 2020\u201c (Laur Konsumenta).<\/p>\n","protected":false},"featured_media":389,"comment_status":"open","ping_status":"closed","template":"","meta":{"content-type":""},"product_brand":[],"product_cat":[38],"product_tag":[],"class_list":{"0":"post-449","1":"product","2":"type-product","3":"status-publish","4":"has-post-thumbnail","6":"product_cat-przetwory-i-produkty-suche","8":"first","9":"instock","10":"shipping-taxable","11":"product-type-simple"},"_links":{"self":[{"href":"https:\/\/paulinka-trading-group.pl\/index.php?rest_route=\/wp\/v2\/product\/449","targetHints":{"allow":["GET"]}}],"collection":[{"href":"https:\/\/paulinka-trading-group.pl\/index.php?rest_route=\/wp\/v2\/product"}],"about":[{"href":"https:\/\/paulinka-trading-group.pl\/index.php?rest_route=\/wp\/v2\/types\/product"}],"replies":[{"embeddable":true,"href":"https:\/\/paulinka-trading-group.pl\/index.php?rest_route=%2Fwp%2Fv2%2Fcomments&post=449"}],"wp:featuredmedia":[{"embeddable":true,"href":"https:\/\/paulinka-trading-group.pl\/index.php?rest_route=\/wp\/v2\/media\/389"}],"wp:attachment":[{"href":"https:\/\/paulinka-trading-group.pl\/index.php?rest_route=%2Fwp%2Fv2%2Fmedia&parent=449"}],"wp:term":[{"taxonomy":"product_brand","embeddable":true,"href":"https:\/\/paulinka-trading-group.pl\/index.php?rest_route=%2Fwp%2Fv2%2Fproduct_brand&post=449"},{"taxonomy":"product_cat","embeddable":true,"href":"https:\/\/paulinka-trading-group.pl\/index.php?rest_route=%2Fwp%2Fv2%2Fproduct_cat&post=449"},{"taxonomy":"product_tag","embeddable":true,"href":"https:\/\/paulinka-trading-group.pl\/index.php?rest_route=%2Fwp%2Fv2%2Fproduct_tag&post=449"}],"curies":[{"name":"wp","href":"https:\/\/api.w.org\/{rel}","templated":true}]}}